{"id":101,"date":"2026-04-10T15:04:26","date_gmt":"2026-04-10T15:04:26","guid":{"rendered":"https:\/\/upap.pt\/?page_id=101"},"modified":"2026-04-10T15:04:26","modified_gmt":"2026-04-10T15:04:26","slug":"orgaos-sociais","status":"publish","type":"page","link":"https:\/\/upap.pt\/index.php\/orgaos-sociais\/","title":{"rendered":"\u00d3rg\u00e3os Sociais"},"content":{"rendered":"\n<p style=\"border-top-left-radius:0px;border-top-right-radius:0px;border-bottom-left-radius:0px;border-bottom-right-radius:0px\">Tri\u00e9nio de 2026 a 2028<\/p>\n\n\n\n<figure class=\"wp-block-table has-small-font-size\"><table class=\"has-black-color has-text-color has-link-color has-fixed-layout\"><tbody><tr><td class=\"has-text-align-center\" data-align=\"center\" colspan=\"2\"><strong>Mesa da Assembleia Geral<\/strong><strong><\/strong><\/td><\/tr><tr><td class=\"has-text-align-center\" data-align=\"center\">Presidente<strong><\/strong><\/td><td>Maria Leonor Rodrigues Mendes Pinto<\/td><\/tr><tr><td class=\"has-text-align-center\" data-align=\"center\">Vice-presidente<strong><\/strong><\/td><td>Maria da Concei\u00e7\u00e3o Dourado de Delgado Barroso<\/td><\/tr><tr><td class=\"has-text-align-center\" data-align=\"center\">Secret\u00e1rio<strong><\/strong><\/td><td>Maria Ant\u00f3nia Caetano Cabrela Marcelino<\/td><\/tr><tr><td class=\"has-text-align-center\" data-align=\"center\" colspan=\"2\"><strong>Dire\u00e7\u00e3o<\/strong><strong><\/strong><\/td><\/tr><tr><td class=\"has-text-align-center\" data-align=\"center\">Presidente<\/td><td>Paula Margarida Leal Brand\u00e3o Coelho Loureiro<\/td><\/tr><tr><td class=\"has-text-align-center\" data-align=\"center\">Vice-presidente<\/td><td>Maria Manuel Barrinha Loia Santos Pedroso<\/td><\/tr><tr><td class=\"has-text-align-center\" data-align=\"center\">Secret\u00e1rio<\/td><td>Ida Margarida Furtado Figueiredo Caetano<\/td><\/tr><tr><td class=\"has-text-align-center\" data-align=\"center\">Tesoureiro<\/td><td>Etelvina Maria da Costa Vieira Maio Martins<\/td><\/tr><tr><td class=\"has-text-align-center\" data-align=\"center\">Diretora Art\u00edstica<\/td><td>Maria Luzia Oliva da Fonseca Calado<\/td><\/tr><tr><td class=\"has-text-align-center\" data-align=\"center\">Suplente<\/td><td>Elia de Jesus dos Santos Veloza Ferreira Gon\u00e7alves<\/td><\/tr><tr><td class=\"has-text-align-center\" data-align=\"center\" colspan=\"2\"><strong>Conselho Fiscal<\/strong><\/td><\/tr><tr><td class=\"has-text-align-center\" data-align=\"center\">Presidente<\/td><td>M\u00e1rio Nuno Modesto Loureiro<\/td><\/tr><tr><td class=\"has-text-align-center\" data-align=\"center\">Relator<\/td><td>Margarida Helena da Silva Marques Mano Guimar\u00e3es<\/td><\/tr><tr><td class=\"has-text-align-center\" data-align=\"center\">Vogal<\/td><td>Jos\u00e9 Diogo Calado<\/td><\/tr><\/tbody><\/table><\/figure>\n","protected":false},"excerpt":{"rendered":"<p>Tri\u00e9nio de 2026 a 2028 Mesa da Assembleia Geral Presidente Maria Leonor Rodrigues Mendes Pinto Vice-presidente Maria da Concei\u00e7\u00e3o Dourado de Delgado Barroso Secret\u00e1rio Maria Ant\u00f3nia Caetano Cabrela Marcelino Dire\u00e7\u00e3o Presidente Paula Margarida Leal Brand\u00e3o Coelho Loureiro Vice-presidente Maria Manuel Barrinha Loia Santos Pedroso Secret\u00e1rio Ida Margarida Furtado Figueiredo Caetano Tesoureiro Etelvina Maria da Costa [&hellip;]<\/p>\n","protected":false},"author":1,"featured_media":0,"parent":0,"menu_order":0,"comment_status":"closed","ping_status":"closed","template":"","meta":{"zakra_page_container_layout":"customizer","zakra_page_sidebar_layout":"customizer","zakra_remove_content_margin":false,"zakra_sidebar":"customizer","zakra_transparent_header":"customizer","zakra_logo":0,"zakra_main_header_style":"default","zakra_menu_item_color":"","zakra_menu_item_hover_color":"","zakra_menu_item_active_color":"","zakra_menu_active_style":"","zakra_page_header":true,"footnotes":""},"class_list":["post-101","page","type-page","status-publish","hentry"],"_links":{"self":[{"href":"https:\/\/upap.pt\/index.php\/wp-json\/wp\/v2\/pages\/101","targetHints":{"allow":["GET"]}}],"collection":[{"href":"https:\/\/upap.pt\/index.php\/wp-json\/wp\/v2\/pages"}],"about":[{"href":"https:\/\/upap.pt\/index.php\/wp-json\/wp\/v2\/types\/page"}],"author":[{"embeddable":true,"href":"https:\/\/upap.pt\/index.php\/wp-json\/wp\/v2\/users\/1"}],"replies":[{"embeddable":true,"href":"https:\/\/upap.pt\/index.php\/wp-json\/wp\/v2\/comments?post=101"}],"version-history":[{"count":1,"href":"https:\/\/upap.pt\/index.php\/wp-json\/wp\/v2\/pages\/101\/revisions"}],"predecessor-version":[{"id":102,"href":"https:\/\/upap.pt\/index.php\/wp-json\/wp\/v2\/pages\/101\/revisions\/102"}],"wp:attachment":[{"href":"https:\/\/upap.pt\/index.php\/wp-json\/wp\/v2\/media?parent=101"}],"curies":[{"name":"wp","href":"https:\/\/api.w.org\/{rel}","templated":true}]}}

Órgãos Sociais

<p style="border-top-left-radius:0px;border-top-right-radius:0px;border-bottom-left-radius:0px;border-bottom-right-radius:0px">Triénio de 2026 a 2028</p>



<figure class="wp-block-table has-small-font-size"><table class="has-black-color has-text-color has-link-color has-fixed-layout"><tbody><tr><td class="has-text-align-center" data-align="center" colspan="2"><strong>Mesa da Assembleia Geral</strong><strong></strong></td></tr><tr><td class="has-text-align-center" data-align="center">Presidente<strong></strong></td><td>Maria Leonor Rodrigues Mendes Pinto</td></tr><tr><td class="has-text-align-center" data-align="center">Vice-presidente<strong></strong></td><td>Maria da Conceição Dourado de Delgado Barroso</td></tr><tr><td class="has-text-align-center" data-align="center">Secretário<strong></strong></td><td>Maria Antónia Caetano Cabrela Marcelino</td></tr><tr><td class="has-text-align-center" data-align="center" colspan="2"><strong>Direção</strong><strong></strong></td></tr><tr><td class="has-text-align-center" data-align="center">Presidente</td><td>Paula Margarida Leal Brandão Coelho Loureiro</td></tr><tr><td class="has-text-align-center" data-align="center">Vice-presidente</td><td>Maria Manuel Barrinha Loia Santos Pedroso</td></tr><tr><td class="has-text-align-center" data-align="center">Secretário</td><td>Ida Margarida Furtado Figueiredo Caetano</td></tr><tr><td class="has-text-align-center" data-align="center">Tesoureiro</td><td>Etelvina Maria da Costa Vieira Maio Martins</td></tr><tr><td class="has-text-align-center" data-align="center">Diretora Artística</td><td>Maria Luzia Oliva da Fonseca Calado</td></tr><tr><td class="has-text-align-center" data-align="center">Suplente</td><td>Elia de Jesus dos Santos Veloza Ferreira Gonçalves</td></tr><tr><td class="has-text-align-center" data-align="center" colspan="2"><strong>Conselho Fiscal</strong></td></tr><tr><td class="has-text-align-center" data-align="center">Presidente</td><td>Mário Nuno Modesto Loureiro</td></tr><tr><td class="has-text-align-center" data-align="center">Relator</td><td>Margarida Helena da Silva Marques Mano Guimarães</td></tr><tr><td class="has-text-align-center" data-align="center">Vogal</td><td>José Diogo Calado</td></tr></tbody></table></figure>

<p>Triénio de 2026 a 2028 Mesa da Assembleia Geral Presidente Maria Leonor Rodrigues Mendes Pinto Vice-presidente Maria da Conceição Dourado de Delgado Barroso Secretário Maria Antónia Caetano Cabrela Marcelino Direção Presidente Paula Margarida Leal Brandão Coelho Loureiro Vice-presidente Maria Manuel Barrinha Loia Santos Pedroso Secretário Ida Margarida Furtado Figueiredo Caetano Tesoureiro Etelvina Maria da Costa [&hellip;]</p>
