{"id":32,"date":"2026-04-08T13:06:44","date_gmt":"2026-04-08T13:06:44","guid":{"rendered":"https:\/\/upap.pt\/?page_id=32"},"modified":"2026-04-20T11:36:23","modified_gmt":"2026-04-20T11:36:23","slug":"exposicoes","status":"publish","type":"page","link":"https:\/\/upap.pt\/index.php\/eventos\/exposicoes\/","title":{"rendered":"Exposi\u00e7\u00f5es"},"content":{"rendered":"\n<p class=\"has-text-align-left\">\u00c9 com renovado entusiasmo que a <strong>Uni\u00e3o dos Pintores e Artistas Pl\u00e1sticos (UPAP)<\/strong> apresenta a sua <strong>69\u00aa Exposi\u00e7\u00e3o<\/strong>, um marco que celebra n\u00e3o apenas a longevidade da nossa institui\u00e7\u00e3o, mas a vitalidade da cria\u00e7\u00e3o art\u00edstica em Portugal.<\/p>\n\n\n\n<p class=\"has-text-align-left\">Como associa\u00e7\u00e3o de <strong>Utilidade P\u00fablica<\/strong>, a UPAP reafirma nesta edi\u00e7\u00e3o o seu compromisso de democratizar o acesso \u00e0 cultura e de servir como plataforma de excel\u00eancia para artistas de diversas gera\u00e7\u00f5es e linguagens. Esta mostra anual \u00e9 o culminar de um ano de dedica\u00e7\u00e3o, onde a t\u00e9cnica se cruza com o esp\u00edrito c\u00edvico, oferecendo \u00e0 comunidade um olhar cr\u00edtico e sens\u00edvel sobre o mundo contempor\u00e2neo.<\/p>\n\n\n\n<p class=\"has-text-align-left\">Nesta 69\u00aa edi\u00e7\u00e3o, convidamos o p\u00fablico a explorar uma sele\u00e7\u00e3o diversificada de obras que refletem o dinamismo dos nossos associados. Mais do que uma simples galeria, esta exposi\u00e7\u00e3o \u00e9 um espa\u00e7o de encontro, di\u00e1logo e valoriza\u00e7\u00e3o do patrim\u00f3nio cultural vivo que ajudamos a construir diariamente.<\/p>\n\n\n\n<p><a href=\"https:\/\/www.facebook.com\/profile.php?id=61587730201387\" data-type=\"link\" data-id=\"https:\/\/www.facebook.com\/profile.php?id=61587730201387\">Visite a nossa p\u00e1gina do Facebook.<\/a><\/p>\n\n\n\n<p><a href=\"https:\/\/www.instagram.com\/associacao.acolher.mais\/\">Visite a nossa p\u00e1gina do Instagram.<\/a><\/p>\n\n\n\n<p><\/p>\n\n\n\n<figure class=\"wp-block-image aligncenter size-full\"><img loading=\"lazy\" decoding=\"async\" width=\"595\" height=\"842\" src=\"https:\/\/upap.pt\/wp-content\/uploads\/2026\/04\/3.1.69aCartaz-2026.V1-copy.jpg\" alt=\"\" class=\"wp-image-39\" srcset=\"https:\/\/upap.pt\/wp-content\/uploads\/2026\/04\/3.1.69aCartaz-2026.V1-copy.jpg 595w, https:\/\/upap.pt\/wp-content\/uploads\/2026\/04\/3.1.69aCartaz-2026.V1-copy-212x300.jpg 212w\" sizes=\"auto, (max-width: 595px) 100vw, 595px\" \/><\/figure>\n","protected":false},"excerpt":{"rendered":"<p>\u00c9 com renovado entusiasmo que a Uni\u00e3o dos Pintores e Artistas Pl\u00e1sticos (UPAP) apresenta a sua 69\u00aa Exposi\u00e7\u00e3o, um marco que celebra n\u00e3o apenas a longevidade da nossa institui\u00e7\u00e3o, mas a vitalidade da cria\u00e7\u00e3o art\u00edstica em Portugal. Como associa\u00e7\u00e3o de Utilidade P\u00fablica, a UPAP reafirma nesta edi\u00e7\u00e3o o seu compromisso de democratizar o acesso \u00e0 [&hellip;]<\/p>\n","protected":false},"author":2,"featured_media":0,"parent":11,"menu_order":0,"comment_status":"closed","ping_status":"closed","template":"","meta":{"zakra_page_container_layout":"customizer","zakra_page_sidebar_layout":"customizer","zakra_remove_content_margin":false,"zakra_sidebar":"customizer","zakra_transparent_header":"customizer","zakra_logo":0,"zakra_main_header_style":"default","zakra_menu_item_color":"","zakra_menu_item_hover_color":"","zakra_menu_item_active_color":"","zakra_menu_active_style":"","zakra_page_header":true,"footnotes":""},"class_list":["post-32","page","type-page","status-publish","hentry"],"_links":{"self":[{"href":"https:\/\/upap.pt\/index.php\/wp-json\/wp\/v2\/pages\/32","targetHints":{"allow":["GET"]}}],"collection":[{"href":"https:\/\/upap.pt\/index.php\/wp-json\/wp\/v2\/pages"}],"about":[{"href":"https:\/\/upap.pt\/index.php\/wp-json\/wp\/v2\/types\/page"}],"author":[{"embeddable":true,"href":"https:\/\/upap.pt\/index.php\/wp-json\/wp\/v2\/users\/2"}],"replies":[{"embeddable":true,"href":"https:\/\/upap.pt\/index.php\/wp-json\/wp\/v2\/comments?post=32"}],"version-history":[{"count":11,"href":"https:\/\/upap.pt\/index.php\/wp-json\/wp\/v2\/pages\/32\/revisions"}],"predecessor-version":[{"id":155,"href":"https:\/\/upap.pt\/index.php\/wp-json\/wp\/v2\/pages\/32\/revisions\/155"}],"up":[{"embeddable":true,"href":"https:\/\/upap.pt\/index.php\/wp-json\/wp\/v2\/pages\/11"}],"wp:attachment":[{"href":"https:\/\/upap.pt\/index.php\/wp-json\/wp\/v2\/media?parent=32"}],"curies":[{"name":"wp","href":"https:\/\/api.w.org\/{rel}","templated":true}]}}

Exposições

<p class="has-text-align-left">É com renovado entusiasmo que a <strong>União dos Pintores e Artistas Plásticos (UPAP)</strong> apresenta a sua <strong>69ª Exposição</strong>, um marco que celebra não apenas a longevidade da nossa instituição, mas a vitalidade da criação artística em Portugal.</p>



<p class="has-text-align-left">Como associação de <strong>Utilidade Pública</strong>, a UPAP reafirma nesta edição o seu compromisso de democratizar o acesso à cultura e de servir como plataforma de excelência para artistas de diversas gerações e linguagens. Esta mostra anual é o culminar de um ano de dedicação, onde a técnica se cruza com o espírito cívico, oferecendo à comunidade um olhar crítico e sensível sobre o mundo contemporâneo.</p>



<p class="has-text-align-left">Nesta 69ª edição, convidamos o público a explorar uma seleção diversificada de obras que refletem o dinamismo dos nossos associados. Mais do que uma simples galeria, esta exposição é um espaço de encontro, diálogo e valorização do património cultural vivo que ajudamos a construir diariamente.</p>



<p><a href="https://www.facebook.com/profile.php?id=61587730201387" data-type="link" data-id="https://www.facebook.com/profile.php?id=61587730201387">Visite a nossa página do Facebook.</a></p>



<p><a href="https://www.instagram.com/associacao.acolher.mais/">Visite a nossa página do Instagram.</a></p>



<p></p>



<figure class="wp-block-image aligncenter size-full"><img loading="lazy" decoding="async" width="595" height="842" src="https://upap.pt/wp-content/uploads/2026/04/3.1.69aCartaz-2026.V1-copy.jpg" alt="" class="wp-image-39" srcset="https://upap.pt/wp-content/uploads/2026/04/3.1.69aCartaz-2026.V1-copy.jpg 595w, https://upap.pt/wp-content/uploads/2026/04/3.1.69aCartaz-2026.V1-copy-212x300.jpg 212w" sizes="auto, (max-width: 595px) 100vw, 595px" /></figure>

<p>É com renovado entusiasmo que a União dos Pintores e Artistas Plásticos (UPAP) apresenta a sua 69ª Exposição, um marco que celebra não apenas a longevidade da nossa instituição, mas a vitalidade da criação artística em Portugal. Como associação de Utilidade Pública, a UPAP reafirma nesta edição o seu compromisso de democratizar o acesso à [&hellip;]</p>
